digit of 5253146?
2
What is the units digit of 239022?
2
What is the hundred thousands digit of 16633233?
6
What is the units digit of 1838278?
8
What is the thousands digit of 23789?
3
What is the hundred thousands digit of 391272?
3
What is the units digit of 5304942?
2
What is the units digit of 570395?
5
What is the hundreds digit of 1236347?
3
What is the hundred thousands digit of 349483?
3
What is the units digit of 674051?
1
What is the hundred thousands digit of 679110?
6
What is the hundreds digit of 1307827?
8
What is the tens digit of 54267?
6
What is the units digit of 2477756?
6
What is the millions digit of 4337476?
4
What is the tens digit of 74520?
2
What is the hundreds digit of 62250?
2
What is the ten thousands digit of 165875?
6
What is the hundred thousands digit of 288258?
2
What is the thousands digit of 167545?
7
What is the ten thousands digit of 88200?
8
What is the millions digit of 16748489?
6
What is the thousands digit of 213396?
3
What is the units digit of 21812038?
8
What is the thousands digit of 11619202?
9
What is the thousands digit of 126401?
6
What is the thousands digit of 62559?
2
What is the units digit of 21832?
2
What is the tens digit of 358069?
6
What is the hundreds digit of 87745?
7
What is the tens digit of 663798?
9
What is the units digit of 28547277?
7
What is the units digit of 2062709?
9
What is the tens digit of 7516231?
3
What is the ten millions digit of 12814461?
1
What is the hundreds digit of 6837?
8
What is the thousands digit of 4559740?
9
What is the thousands digit of 305567?
5
What is the thousands digit of 11428921?
8
What is the millions digit of 2501119?
2
What is the thousands digit of 253955?
3
What is the hundred thousands digit of 1878595?
8
What is the thousands digit of 3077331?
7
What is the ten thousands digit of 1034592?
3
What is the hundred thousands digit of 149593?
1
What is the thousands digit of 981197?
1
What is the ten thousands digit of 422284?
2
What is the units digit of 38717?
7
What is the hundred thousands digit of 213994?
2
What is the tens digit of 6735?
3
What is the hundreds digit of 1718805?
8
What is the units digit of 296948?
8
What is the units digit of 400180?
0
What is the millions digit of 19937280?
9
What is the hundred thousands digit of 6104590?
1
What is the ten millions digit of 17766960?
1
What is the thousands digit of 11190480?
0
What is the tens digit of 321775?
7
What is the tens digit of 15680568?
6
What is the ten thousands digit of 1470191?
7
What is the hundred thousands digit of 113431?
1
What is the tens digit of 33541440?
4
What is the hundreds digit of 20438345?
3
What is the units digit of 8100485?
5
What is the hundred thousands digit of 4579764?
5
What is the hundreds digit of 9756614?
6
What is the tens digit of 1759902?
0
What is the thousands digit of 822527?
2
What is the ten thousands digit of 3874776?
7
What is the tens digit of 62674?
7
What is the hundreds digit of 29264493?
4
What is the units digit of 8216555?
5
What is the thousands digit of 134145?
4
What is the tens digit of 14328296?
9
What is the units digit of 16704?
4
What is the millions digit of 1195717?
1
What is the hundred thousands digit of 3062572?
0
What is the thousands digit of 420420?
0
What is the hundreds digit of 1912033?
0
What is the hundred thousands digit of 304541?
3
What is the tens digit of 4020304?
0
What is the thousands digit of 567506?
7
What is the hundreds digit of 2770834?
8
What is the units digit of 614875?
5
What is the thousands digit of 136153?
6
What is the units digit of 9510844?
4
What is the thousands digit of 5824055?
4
What is the millions digit of 10445462?
0
What is the ten thousands digit of 2216873?
1
What is the ten thousands digit of 14977186?
7
What is the millions digit of 2186121?
2
What is the millions digit of 4134583?
4
What is the thousands digit of 1798552?
8
What is the tens digit of 127590?
9
What is the tens digit of 230998?
9
What is the hundreds digit of 6130924?
9
What is the thousands digit of 7303121?
3
What is the hundreds digit of 293905?
9
What is the hundreds digit of 16047957?
9
What is the ten thousands digit of 2795341?
9
What is the hundreds digit of 5135412?
4
What is the hundred thousands digit of 603521?
6
What is the units digit of 1870292?
2
What is the hundred thousands digit of 872854?
8
What is the hundreds digit of 8950977?
9
What is the hundreds digit of 5693329?
3
What is the tens digit of 2983613?
1
What is the millions digit of 6560026?
6
What is the units digit of 2230374?
4
What is the ten thousands digit of 43691?
4
What is the tens digit of 3508713?
1
What is the hundreds digit of 2323547?
5
What is the tens digit of 20713915?
1
What is the hundreds digit of 560600?
6
What is the hundred thousands digit of 3409478?
4
What is the hundreds digit of 149988?
9
What is the ten thousands digit of 40956?
4
What is the hundred thousands digit of 221039?
2
What is the hundred thousands digit of 1737296?
7
What is the ten thousands digit of 16361?
1
What is the hundred thousands digit of 18162219?
1
What is the hundreds digit of 2214515?
5
What is the units digit of 474899?
9
What is the millions digit of 1358991?
1
What is the hundred thousands digit of 1167026?
1
What is the hundreds digit of 12454269?
2
What is the units digit of 2143554?
4
What is the hundred thousands digit of 2453187?
4
What is the thousands digit of 96417?
6
What is the hundred thousands digit of 5530866?
5
What is the tens digit of 2991400?
0
What is the hundreds digit of 28677807?
8
What is the tens digit of 10745498?
9
What is the ten thousands digit of 536401?
3
What is the ten thousands digit of 399156?
9
What is the hundreds digit of 441679?
6
What is the hundred thousands digit of 131754?
1
What is the hundreds digit of 571842?
8
What is the millions digit of 20497588?
0
What is the tens digit of 7172671?
7
What is the thousands digit of 1774403?
4
What is the hundred thousands digit of 2280005?
2
What is the tens digit of 178840?
4
What is the thousands digit of 1170423?
0
What is the hundreds digit of 113722?
7
What is the ten thousands digit of 1594591?
9
What is the hundreds digit of 4408045?
0
What is the ten thousands digit of 2909903?
0
What is the tens digit of 8003442?
4
What is the units digit of 604919?
9
What is the ten millions digit of 34719053?
3
What is the thousands digit of 26451635?
1
What is the hundred thousands digit of 6941087?
9
What is the hundred thousands digit of 280121?
2
What is the units digit of 75676?
6
What is the hundred thousands digit of 3691420?
6
What is the thousands digit of 1161585?
1
What is the tens digit of 12065641?
4
What is the tens digit of 904428?
2
What is the ten thousands digit of 47798?
4
What is the units digit of 24094099?
9
What is the thousands digit of 589685?
9
What is the hundreds digit of 223783?
7
What is the tens digit of 1127138?
3
What is the tens digit of 542279?
7
What is the hundreds digit of 229658?
6
What is the millions digit of 3765613?
3
What is the hundreds digit of 304088?
0
What is the ten thousands digit of 1110028?
1
What is the hundreds digit of 516801?
8
What is the hundred thousands digit of 1781092?
7
What is the tens digit of 1390742?
4
What is the thousands digit of 728441?
8
What is the hundred thousands digit of 148688?
1
What is the ten thousands digit of 36036952?
3
What is the tens digit of 1557335?
3
What is the hundred thousands digit of 647313?
6
What is the hundred thousands digit of 287435?
2
What is the ten thousands digit of 39000?
3
What is the ten thousands digit of 5119158?
1
What is the thousands digit of 245771?
5
What is the thousands digit of 257682?
7
What is the hundreds digit of 35389496?
4
What is the hundreds digit of 276831?
8
What is the hundreds digit of 6569360?
3
What is the hundreds digit of 603797?
7
What is the hundred thousands digit of 23621984?
6
What is the hundred thousands digit of 5432746?
4
What is the tens digit of 17935704?
0
What is the hundreds digit of 127611?
6
What is the units digit of 133852?
2
What is the tens digit of 522999?
9
What is the units digit of 216040?
0
What is the ten thousands digit of 204126?
0
What is the thousands digit of 4546806?
6
What is the 